
Is 83 a factor of 155?
False
Does 84 divide 28392?
True
Is 1487 a multiple of 20?
False
Is 2220 a multiple of 74?
True
Does 7 divide 13616?
False
Is 2760 a multiple of 24?
True
Does 56 divide 42589?
False
Is 43 a factor of 29627?
True
Does 35 divide 2136?
False
Is 48 a factor of 177?
False
Does 14 divide 364?
True
Is 15168 a multiple of 304?
False
Is 20 a factor of 454?
False
Does 79 divide 3085?
False
Is 10 a factor of 932?
False
Is 76 a factor of 1548?
False
Is 23 a factor of 3550?
False
Does 56 divide 3808?
True
Does 12 divide 3072?
True
Is 8 a factor of 21320?
True
Does 22 divide 1518?
True
Does 54 divide 5354?
False
Does 123 divide 15990?
True
Is 36 a factor of 4093?
False
Is 554 a multiple of 22?
False
Is 44 a factor of 16412?
True
Does 117 divide 21129?
False
Is 21 a factor of 12469?
False
Does 5 divide 127?
False
Does 17 divide 1244?
False
Does 2 divide 760?
True
Is 1190 a multiple of 5?
True
Does 4 divide 419?
False
Is 5 a factor of 135?
True
Is 23 a factor of 38947?
False
Is 362 a multiple of 42?
False
Does 3 divide 600?
True
Does 22 divide 8470?
True
Does 13 divide 273?
True
Does 10 divide 6750?
True
Is 4471 a multiple of 17?
True
Is 70 a factor of 15416?
False
Is 842 a multiple of 3?
False
Is 4317 a multiple of 29?
False
Is 15 a factor of 6051?
False
Is 8 a factor of 551?
False
Is 35376 a multiple of 11?
True
Is 27 a factor of 499?
False
Does 33 divide 2739?
True
Is 13030 a multiple of 17?
False
Does 10 divide 1760?
True
Does 24 divide 57018?
False
Is 665 a multiple of 7?
True
Is 27 a factor of 837?
True
Is 329 a multiple of 4?
False
Is 759 a multiple of 11?
True
Is 193 a factor of 386?
True
Is 362 a multiple of 19?
False
Does 5 divide 6484?
False
Is 7564 a multiple of 13?
False
Is 56 a factor of 5349?
False
Is 62 a factor of 10140?
False
Is 1313 even?
False
Is 3393 a multiple of 8?
False
Does 36 divide 157305?
False
Is 121 a factor of 1936?
True
Is 20 a factor of 7574?
False
Is 21 a factor of 751?
False
Does 7 divide 332?
False
Is 57 a factor of 4161?
True
Is 154 a multiple of 11?
True
Does 9 divide 990?
True
Does 11 divide 2222?
True
Is 62 a factor of 1798?
True
Is 36 a factor of 442?
False
Does 9 divide 49185?
True
Is 27657 a multiple of 21?
True
Is 13 a factor of 689?
True
Is 134 a multiple of 19?
False
Does 17 divide 85799?
True
Is 3442 a multiple of 16?
False
Does 18 divide 3492?
True
Is 72 a factor of 35930?
False
Does 4 divide 5524?
True
Does 13 divide 18499?
True
Does 6 divide 4509?
False
Is 111 a multiple of 37?
True
Does 12 divide 5124?
True
Is 45 a factor of 241?
False
Is 5083 a multiple of 13?
True
Is 6 a factor of 14410?
False
Is 1873 a multiple of 29?
False
Is 95 a multiple of 8?
False
Is 5996 a multiple of 12?
False
Is 8463 a multiple of 38?
False
Is 4 a factor of 245?
False
Is 36 a factor of 653?
False
Is 12 a factor of 16248?
True
Does 45 divide 308?
False
Is 1015 a multiple of 35?
True
Does 4 divide 1744?
True
Is 16 a factor of 608?
True
Is 3060 a multiple of 68?
True
Is 13 a factor of 133935?
False
Is 592 a multiple of 37?
True
Is 17465 a multiple of 203?
False
Does 26 divide 75582?
True
Is 19356 a multiple of 86?
False
Is 2879 a multiple of 86?
False
Does 130 divide 5384?
False
Is 17 a factor of 1003?
True
Is 19380 a multiple of 85?
True
Does 15 divide 884?
False
Does 51 divide 13107?
True
Is 84 a factor of 1261?
False
Is 8316 a multiple of 44?
True
Is 7789 a multiple of 12?
False
Is 9545 a multiple of 5?
True
Does 26 divide 260?
True
Is 4 a factor of 99?
False
Does 16 divide 181?
False
Is 8 a factor of 1072?
True
Is 5877 a multiple of 19?
False
Does 18 divide 923?
False
Is 44 a factor of 9451?
False
Does 5 divide 860?
True
Does 20 divide 446?
False
Does 12 divide 600?
True
Is 89 even?
False
Is 6468 a multiple of 22?
True
Is 21 a factor of 20559?
True
Is 3867 a multiple of 21?
False
Is 350 a multiple of 25?
True
Is 7 a factor of 257?
False
Is 17 a factor of 5084?
False
Is 13833 a multiple of 40?
False
Does 14 divide 19107?
False
Is 16 a factor of 2772?
False
Does 8 divide 1105?
False
Does 43 divide 6613?
False
Does 72 divide 576?
True
Is 5 a factor of 415?
True
Is 33 a factor of 3267?
True
Is 548 a multiple of 16?
False
Is 1744 a multiple of 109?
True
Is 147 a factor of 45815?
False
Is 18165 a multiple of 35?
True
Does 10 divide 565?
False
Does 32 divide 75?
False
Is 576 a multiple of 24?
True
Is 1617 a multiple of 33?
True
Is 5091 a multiple of 99?
False
Is 8 a factor of 30618?
False
Is 75 a factor of 19500?
True
Is 10 a factor of 1040?
True
Is 31 a factor of 489?
False
Does 57 divide 19298?
False
Is 2 a factor of 175?
False
Is 424 a multiple of 26?
False
Does 11 divide 8910?
True
Is 673 a multiple of 11?
False
Is 6132 a multiple of 73?
True
Is 3000 a multiple of 120?
True
Is 30 a factor of 67787?
False
Is 42 a factor of 26184?
False
Does 25 divide 873?
False
Does 38 divide 2052?
True
Is 1800 a multiple of 18?
True
Is 13 a factor of 14173?
False
Does 3 divide 15672?
True
Is 2808 a multiple of 24?
True
Is 5928 a multiple of 38?
True
Does 9 divide 729?
True
Does 16 divide 12880?
True
Is 5890 a multiple of 19?
True
Does 7 divide 30376?
False
Is 819 a multiple of 21?
True
Is 35 a multiple of 3?
False
Does 65 divide 1500?
False
Does 38 divide 7774?
False
Is 149 a factor of 16712?
False
Is 30 a factor of 1710?
True
Is 3260 a multiple of 8?
False
Does 146 divide 6046?
False
Is 366 a factor of 102846?
True
Is 120 a factor of 5280?
True
Is 469 a multiple of 12?
False
Does 9 divide 11358?
True
Is 31 a factor of 1434?
False
Is 51 a factor of 688?
False
Is 561 a multiple of 51?
True
Is 25474 a multiple of 47?
True
Is 157 a factor of 3301?
False
Does 5 divide 249?
False
Does 182 divide 14560?
True
Is 59 a factor of 412?
False
Is 10 a factor of 38510?
True
Does 16 divide 3408?
True
Is 2744 a multiple of 14?
True
Does 39 divide 4493?
False
Is 1057 a multiple of 9?
False
Is 86 a factor of 9764?
False
Is 13 a factor of 6100?
False
Is 3729 a multiple of 33?
True
Does 22 divide 2662?
True
Is 832 a multiple of 16?
True
Is 120 a multiple of 12?
True
Does 53 divide 111989?
True
Is 9 a factor of 11203?
False
Is 40 a factor of 1080?
True
Is 60620 a multiple of 35?
True
Is 3569 a multiple of 83?
True
Is 1659 a multiple of 21?
True
Is 2584 a multiple of 34?
True
Does 4 divide 205?
False
Is 5502 a multiple of 14?
True
Is 7 a factor of 350?
True
Is 14016 a multiple of 32?
True
Does 9 divide 90?
True
Is 15 a factor of 443?
False
Does 8 divide 114?
False
Is 7 a factor of 2037?
True
Does 18 divide 69292?
False
Is 23 a factor of 6124?
False
Is 2604 a multiple of 21?
True
Is 28 a factor of 986?
False
Is 12 a factor of 6897?
False
Is 394 a multiple of 3?
False
Does 4 divide 1528?
True
Does 16 divide 5984?
True
Is 522 a multiple of 7?
False
Is 70 a factor of 30895?
False
Does 16 divide 5390?
False
Is 53 a factor of 53?
True
Does 64 divide 512?
True
Is 3 a factor of 340?
False
Is 4 a factor of 12308?
True
Is 13741 a multiple of 3?
False
Is 946 a multiple of 58?
False
Does 55 divide 79034?
False
Is 21 a factor of 231?
True
Is 9315 a multiple of 81?
True
Is 1167 a multiple of 38?
False
Is 7950 a multiple of 25?
True
Is 13 a factor of 78?
True
Is 84 a factor of 38724?
True
Does 7 divide 292?
False
Is 1088 a multiple of 32?
True
Is 63 a factor of 1312?
False
Is 23 a factor of 2354?
False
Is 3708 a multiple of 34?
False
Is 82 a factor of 35096?
True
Is 186 a factor of 28956?
False
Is 1854 a multiple of 18?
True
Is 21450 a multiple of 22?
True
Is 22704 a multiple of 186?
False
Does 15 divide 40005?
True
Is 187 a factor of 48994?
True
Is 8661 a multiple of 53?
False
Does 37 divide 5217?
True
Is 12 a factor of 175?
False
Does 21 divide 3727?
False
Is 429 a multiple of 37?
False
Does 16 divide 5392?
True
Is 1189 a multiple of 36?
False
Is 49982 a multiple of 30?
False
Is 15 a factor of 36795?
True
Is 52 a factor of 884?
True
Is 106 a factor of 8091?
False
Is 8014 even?
True
Is 14552 a multiple of 137?
False
Is 1650 a multiple of 2?
True
Does 20 divide 17720?
True
Is 4 even?
True
Is 982 a multiple of 9?
False
Is 91 a factor of 12592?
False
Is 9 a factor of 534?
False
Is 42 a factor of 18648?
True
Does 33 divide 2057?
False
Is 116 a factor of 45704?
True
Is 3120 a multiple of 13?
True
Is 5077 a multiple of 12?
False
Is 1548 a multiple of 22?
False
Do